ppose 3*i + w - 78 = 0, c*i + 5*w - 2*w = 130. Is i a composite number?
True
Suppose 5*c = -0*c + 10. Let l = c + -1. Is (-1*l)/((-3)/147) a prime number?
False
Suppose 0 = -3*p + 2*i - 377, -5*p - 1013 = -3*i - 386. Let s = p + 242. Suppose s + 19 = 3*d. Is d a prime number?
False
Let m be (4/(-10))/(2/(-20)). Suppose 153 = -2*u - 59. Is 6/m*u/(-3) prime?
True
Let d(s) = 39*s - 8. Is d(3) a prime number?
True
Let a(k) = -26*k - 3. Is a(-5) a prime number?
True
Let n = -2355 - -4202. Is n composite?
False
Let h = -15 - -24. Suppose -5*m + 2*m = -h. Is m a prime number?
True
Let x(p) = p**2 - 2*p - 1. Let f be x(3). Is (-452)/(-12) + f/(-3) a composite number?
False
Let r be (-1)/((-8)/(-2))*-12. Suppose 5*o = 2*u + 3 + 22, r*o - 24 = 3*u. Is o composite?
False
Let l(r) = -r**2 + 155. Suppose 4*s - 18 = s. Let x = -6 + s. Is l(x) prime?
False
Let m = -389 + 547. Is m composite?
True
Let w(p) = -47*p + 4. Is w(-5) prime?
True
Let c = -176 - 1162. Let q be (20/6)/((-2)/c). Is (q/(-15))/(2/(-3)) composite?
False
Let h(r) be the third derivative of -13*r**4/24 + 13*r**3/6 - 3*r**2. Is h(-6) composite?
True
Suppose 0 = -5*v + 3*v + 30. Is v a composite number?
True
Let s = 438 - -211. Is s a composite number?
True
Let z(u) = -13*u - 1 + 6*u**2 + 5*u**2 + 10*u. Is z(8) a prime number?
False
Let k(u) = u**3 + 2*u**2 - 5*u - 4. Let v be k(-3). Is 16 + 0 + (v - 3) a composite number?
True
Suppose -6*z - 3*z + 5634 = 0. Is z prime?
False
Let h(l) = -l**3 - 4*l**2 - 4*l + 1. Let w be h(-3). Suppose -w*r + 30 = -30. Is r a composite number?
True
Let h be (-51)/9 - 3/9. Is (-2)/(-4) - 195/h a prime number?
False
Let m(t) = t**3 - 2*t**2 - t + 1. Let j be m(2). Let p(z) = -4*z - 1. Let v be p(j). Suppose 5*r + 44 = 4*w, w - v*r - 8 = 10. Is w a composite number?
True
Suppose 2*g - g = 2. Let h(j) = j - 3 + 2*j + 11*j**2 + 0*j. Is h(g) a prime number?
True
Let j(k) = -3 - 3 + 6*k**2 + 0 + 3 - 4*k. Is j(4) composite?
True
Suppose -88 = -3*q + 56. Suppose -5*x = -b + 29, 5*b - 105 = -4*x + 40. Let i = q - b. Is i a composite number?
False
Let w = 40 - 27. Is w a composite number?
False
Let m(l) = 14*l - 4 + 6 + 3. Let c(u) = -u - 1. Let x(w) = 4*c(w) + m(w). Is x(1) prime?
True
Let q = -6746 - -10465. Is q prime?
True
Let q = -4 + 7. Is (14/q)/(12/306) a prime number?
False
Suppose 128 = c + x, 5*c = -0*x + x + 658. Let q = c + -82. Is q a prime number?
False
Suppose -29 = 4*p + 3. Let m = p + 41. Is m a composite number?
True
Let t = 4 + -1. Suppose 4*j + t = 107. Let v = j - 16. Is v a composite number?
True
Suppose 41 = 4*k - 3*h, -2*k - 4*h = -5*k + 36. Suppose 63 = j + k. Is j a composite number?
True
Let y = 23 + 8. Is y a prime number?
True
Suppose 4*j - 690 = 5062. Is j composite?
True
Let g(d) = 4*d**3 - 2*d**2 - 22*d + 1. Is g(9) a composite number?
False
Suppose -2*o = 3*b - 2, 0 = -3*b - 4 - 2. Suppose -3*a - y = -722 - 46, -1022 = -o*a - 2*y. Is a composite?
False
Let i be (-91)/2 - (-7)/(-14). Let f = 57 - i. Is f composite?
False
Suppose z + 3*z + 284 = 0. Let c(y) = 5*y**3 + 3*y**2 + 4*y. Let x be c(-3). Let v = z - x. Is v prime?
False
Suppose -z = -2*z. Let k(p) = p**2 - 6*p + 20. Let f be k(13). Suppose 0 = 3*y - 5*d - f, 3*y - 3*d + 21 - 132 = z. Is y a prime number?
True
Let m = -3 - -3. Suppose -2*d - 9 = -5*d. Let q = d - m. Is q composite?
False
Let r(w) be the second derivative of w**7/280 + w**6/180 - w**5/30 - w**4/12 + w. Let o(v) be the third derivative of r(v). Is o(3) a composite number?
False
Let d(u) = -18*u - 10. Let w(m) = -6*m - 3. Let o(b) = -2*d(b) + 7*w(b). Let n be o(2). Let z = 23 + n. Is z composite?
True
Suppose 12 = 2*l + l. Let o be (-500)/8 - (-2)/l. Is (o/3)/((-6)/9) a composite number?
False
Suppose 0 = -26*b + 16*b + 10490. Is b prime?
True
Suppose -3 = -3*t + 3. Suppose -t = -4*q + 10. Suppose 0 = -4*p + y + q*y + 132, y + 99 = 3*p. Is p a composite number?
True
Let w(x) = -x**3 + 6*x**2 + 7*x + 3. Let m be w(7). Suppose 0 = m*y - 6*y + 45. Is y prime?
False
Let x be (-4)/14 + (-60)/(-14). Is (1 + -3)*(-114)/x a prime number?
False
Let w(o) = -o. Let l be w(0). Suppose 4*n = 2*u - l*u + 8, -2*u - 4 = -5*n. Let m = -8 - u. Is m prime?
False
Suppose 5*z = 2*w - 317, 4*w = -5*z - 128 + 777. Is w prime?
False
Let j = 1 - 1. Suppose j = -2*l + 3*l - 5. Suppose -181 = -l*k + 204. Is k a prime number?
False
Let s = 122 + -28. Is s composite?
True
Let l(f) be the first derivative of -f**4/4 - 2*f**3/3 - f**2 - f + 2. Let m be l(-2). Suppose 4*y - 3*u - 70 = 153, -m*u = y - 67. Is y composite?
True
Let w be (30/(-9) - -2)*648. Let k be w/(-14) - 6/(-21). Suppose i + 9 = k. Is i a composite number?
False
Suppose -5*n + 242 = -203. Is n prime?
True
Suppose 481 = -2*s - 3*l, -5*s + 0*l + 2*l = 1193. Let r = s - -726. Is r a composite number?
False
Suppose -4*d + d = 582. Suppose -332 = 4*p + 136. Let u = p - d. Is u prime?
False
Let r = 855 + -552. Is (5 - 5) + (r - 0) a composite number?
True
Let k = -4 + 9. Suppose -t = -3*o - 60, -249 = -k*t - 2*o - 0*o. Is t a prime number?
False
Suppose r - 19 + 1 = 0. Suppose g - 1 - r = 0. Is g prime?
True
Suppose 4*c + 791 = -5*w + 3019, -557 = -c - w. Is c a prime number?
True
Let p(o) = 3*o**3 - o**2 + o + 4. Let k be p(4). Let s = k + -93. Is s a prime number?
False
Suppose -t - 2*j + 7*j = 10, -5*t + 19 = -2*j. Suppose 212 = -r + t*r. Is r a composite number?
False
Let z(h) = h**2 - h + 131. Is z(0) prime?
True
Let b(r) be the first derivative of r**4/12 + r**3 + 5*r**2/2 - 3*r + 1. Let x(u) be the first derivative of b(u). Is x(-8) composite?
True
Let h be 4 + -1 - (6 - -8). Let v = -1 - 0. Is (5*v)/(h/253) a composite number?
True
Let l = -65 - -100. Is l composite?
True
Let v(c) = 25*c - 19. Let h(d) = 4*d - 3. Let t(k) = 39*h(k) - 6*v(k). Let o be t(8). Suppose -5*u - i = -23 - 4, 5*i = 5*u - o. Is u a prime number?
False
Let t(r) = -r + 2. Suppose 2*n + 0*a + a = 0, 2*a = 0. Let b be t(n). Suppose -4*d + o + 40 = -79, -b*o = 4*d - 134. Is d a prime number?
True
Is (1191/(-6))/((-2)/4) composite?
False
Suppose -2*b + 100 = -798. Is b prime?
True
Suppose -4 = -c, 5*s + c - 4675 = 3614. Is s composite?
False
Let j(u) = 206*u - 27. Is j(5) a composite number?
True
Let w(p) = 25*p + 30. Let t(a) = 8*a + 10. Let x(k) = -10*t(k) + 3*w(k). Let b be x(-7). Suppose -5*q + b = -150. Is q a composite number?
True
Let r(d) = -d**2 + 4*d - 1. Let g be r(4). Let l = g - -32. Is l a composite number?
False
Let m = -1 + 5. Let r(q) = q + 1. Let f be r(m). Let a(o) = -o**3 + 7*o**2 - 7*o - 2. Is a(f) composite?
False
Suppose 2*x - 476 = -2*z, 0*z - 4*z = -5*x + 1163. Is x a composite number?
True
Suppose 9*x - 14*x = -815. Suppose 5*z - 815 = 5*f, -z - 3*f = -0*f - x. Is z a composite number?
False
Let f(z) = 2*z + 15. Let j be f(-7). Suppose 0 = -4*x + 3 - 15. Is j*(141 + (-3 - x)) composite?
True
Suppose 0 = p - 5*y - 50, 3*y = 4*p - 121 - 96. Is p prime?
False
Let g(f) = f. Let c(p) = p**2 + 9*p + 5. Let h(x) = -c(x) + 3*g(x). Let n be h(-5). Suppose -z - 4*w - 1 = n, -3*z - 5*w + 51 = z. Is z a prime number?
True
Let y(g) = g**3 + 8*g**2 - 3*g - 5. Suppose j - 3 = 6. Let p = 3 - j. Is y(p) composite?
True
Let w be (0 + -2 - 1) + 2. Is 2 + (-8)/(-1) - w a composite number?
False
Let j = -6 + 11. Suppose 2*n - 3*z = 24, -j*n + 75 - 15 = z. Suppose 135 = -5*p - 4*u + 416, 0 = -3*u + n. Is p composite?
False
Suppose 6*l = 5*l + 389. Is l a prime number?
True
Let f(t) = 3*t + 1. Let d be f(-1). Let z(r) = 23*r**2 + 2*r. Let l be z(d). Suppose 2*b = -2*b + l. Is b composite?
True
Let i(o) = -50*o**3 + 2*o + 1. Is i(-2) composite?
False
Suppose -3*p + 2*h = 101, 0 = 2*h + 15 - 5. Let d = -21 - p. Suppose 0 = g - d - 17. Is g a composite number?
True
Let g = 1344 - 911. Suppose g = 4*q - 595. Is q composite?
False
Let j be ((-2)/5)/((-4)/20). Let l(b) = -10*b - 5*b - j*b. Is l(-2) prime?
False
Suppose -10 = -2*p - 0*g - 3*g, 4*g + 10 = 2*p. Suppose p*x - 61 = 44. Is x a composite number?
True
Is -2 + 0 + (4 + -1114)/(-2) a composite number?
True
Suppose 4*y = 2*y. Suppose -5*n = -5*l + 150, 2*n = -4*l - y*n + 138. Is l a prime number?
False
Let n(q) = -q + 9. Let c be n(6). Suppose -2*f + 110 = c*f. Is f a composite number?
True
Suppose -y - 4 = 0, 3*l + y - 2 = l. Suppose -3*s + 18 = -l. S